 = 8*s - 4*s - w. Let i(j) = j**3 - 4*j**2 + 4*j + 4. Determine i(s).
20
Let g(r) = 4 + 2 + 2*r**2 + 4 - 4 - 5*r. Let f = 1433 + -1429. Give g(f).
18
Let n = 394 - 354. Let u be -2 + -1 - (-11)/(88/n). Let a(t) = -t**3 + 3*t**2 + 1. Calculate a(u).
5
Let r(i) = -i**3 + i**2 + i + 2. Let a(n) = 6*n**3 - 10*n**2 + 2*n - 11. Let u(h) = a(h) + 7*r(h). Give u(-5).
8
Let d(g) be the first derivative of -g**2/2 - 6*g - 15. Let h be d(-7). Let t(l) = 4*l - 1. Calculate t(h).
3
Let x = 19 + -10. Let w(a) be the first derivative of a**4/4 - 10*a**3/3 + 5*a**2 - 12*a - 8545. Calculate w(x).
-3
Let i(n) = 47*n + 35 - 20 + 30 - 44*n. Let b be i(-14). Let q(s) = 5*s**2 + 1. Let r(t) = t**2 + t. Let x(f) = -q(f) + 3*r(f). Give x(b).
-10
Let m(d) be the third derivative of d**5/20 + d**4/24 + 5*d**3/6 + 2*d**2 + 6*d + 86. Give m(5).
85
Suppose -81*j - 100 = -79*j. Let a = 51 + j. Let b(o) = -5*o + 1. Give b(a).
-4
Let r be ((-20)/(-35))/(6/21). Suppose -2*i + r = 6. Let b(g) = -3*g - 161572 + 4*g + 161570. What is b(i)?
-4
Let t be (-1)/((-154)/(-28)) - 10102/(-22). Let i(q) = t*q + 461*q - 2 - 912*q. What is i(2)?
14
Let j(i) = 24*i + 4. Let m = 4460 + -4461. Calculate j(m).
-20
Let s = -245 + -74. Let w = 318 + s. Let h(y) = 4*y + 1. What is h(w)?
-3
Let w(a) = a. Let f(i) be the third derivative of i**5/30 - 5*i**4/24 + 2*i**3/3 - 82*i**2. Let b(x) = -f(x) - 2*w(x). Determine b(3).
-13
Let j be (-28)/21 + 352/3. Let t(b) = 2*b - 2*b - 20 - b**3 + 115*b**2 - j*b**2. Suppose 3 = -4*o + 3*q, 3*o + 5*q - 42 + 37 = 0. What is t(o)?
-20
Let a(d) = -20*d**3 + 26*d**2 + 12*d - 277. Let b(t) = 9*t**3 - 13*t**2 - 5*t + 137. Let s(c) = 4*a(c) + 9*b(c). Give s(12).
17
Let j(d) be the second derivative of d**5/20 - d**4/2 - 4*d**3/3 - d**2/2 + 3*d. Let g = 4 + -11. Let u be (g + (-35)/5)/(-2). What is j(u)?
-8
Let l be -3*(2/1 - -1). Let b(g) = -22*g**3 - 12*g**2 - 12*g - 2. Let d(f) = 59*f**3 + 35*f**2 + 32*f + 3. Let v(r) = -8*b(r) - 3*d(r). What is v(l)?
7
Suppose -17*b = -26*b + 99. Let t(q) = -21*q - b + 44*q**2 + 7*q - 42*q**2. Determine t(8).
5
Let u(i) = -4*i - i**3 + 2*i**3 + 2*i**2 + 5*i + 3. Suppose -140*q + 137*q - 4*x = 29, -5*q - 20 = x. Give u(q).
-9
Let h(g) = 2*g + 4. Let q = 251 - 218. Let m = q - 37. Give h(m).
-4
Let y be (-46)/(-10) + -8 + (-210)/(-25). Suppose -139*t + 134*t = -j - 28, j = -y*t + 32. Let r(f) = f + 7. Give r(t).
13
Let z(m) = 529*m + 547*m + 708 - 1657*m + 509*m. Determine z(10).
-12
Let y(o) = o**2 - 15*o - 17. Let v = 2129 - 2113. Calculate y(v).
-1
Let c(i) be the first derivative of -3*i**2/2 - 4*i + 2030. Let l(z) = 2*z - 6. Let o be l(4). Let k(y) = -y**3 + y**2 + 2*y - 3. Let m be k(o). What is c(m)?
5
Let p(f) = f**2 - 44*f - 197. Let h be p(-4). Let o(m) = 5*m**2 - m - 8. Let v(c) = -4*c**2 + 9. Let l(z) = 3*o(z) + 4*v(z). Calculate l(h).
2
Suppose 1095 = 181*g - 534. Let f(b) = -b**3 + 8*b**2 + 5*b + 1. Calculate f(g).
-35
Let x = 3476 - 3472. Let c(s) = 4*s - 11. Give c(x).
5
Let t(p) = 31*p - 15. Suppose 2*x = -5*c + 34, 0 = 13*x - 18*x + 4*c + 19. Let g(r) = 9*r - 5. Let o(f) = x*g(f) - 2*t(f). Determine o(-14).
-19
Let i(m) be the first derivative of m**2/2 + 3*m + 796. What is i(14)?
17
Suppose -4*b + 4 = 3*l, l - 3 = -11*b + 8*b. Let d be (-12)/(-9) + (-4)/(-6). Let n(f) = 10*f**2 + 20*f**2 + b - 17*f**d. Determine n(1).
14
Let u be 4 + -2 + 5 + -5. Let i(z) = z**2 + 2*z - 1. Let b(k) = -k**3 - 8*k**2 - k + 5. Let j(p) = u*i(p) + b(p). Determine j(-3).
-33
Let s(v) = -180*v - 3232. Let t be s(-18). Let c(g) = 7*g - 51. Give c(t).
5
Let t(p) = -5*p - 40. Let s(n) = -12*n - 99. Let k(j) = -2*s(j) + 5*t(j). Suppose 5*w + 14 + 6 = 0, -3*u - 4*w - 34 = 0. What is k(u)?
4
Let c = -7583 - -7600. Let n(s) = -s**3 + 16*s**2 + 17*s + 11. Calculate n(c).
11
Let f(h) = -h**3 - 2*h**2 + h + 2. Let w be f(-2). Let c(d) = 193*d + 942. Let y(x) = -89*x - 431. Let r(s) = 6*c(s) + 13*y(s). Give r(w).
49
Let s be (20/15 - 6)*2/(16/12). Let a(b) = 29*b + 204. Calculate a(s).
1
Let b(m) = -m**3 + 7*m**2 - m - 1. Let p(w) = 7*w + 119. Let r be p(-16). Let y be b(r). Let c(q) = 3*q + 16. Determine c(y).
-8
Let f(h) = h**2 - h + 1. Let s be 1/2 + 385/10. Let p = 243 - 204. Let r = p - s. Determine f(r).
1
Let q(k) = 97*k - 1. Let n(j) = -482*j - 6. Let s(w) = n(w) + 5*q(w). Give s(8).
13
Let j(l) = l**3 + 15*l**2 - 3. Let y(m) = 2*m**3 - 5*m - 2. Let t be y(2). Suppose -t*f - 1749 = -1689. What is j(f)?
-3
Suppose -3*t + 0*t - 4*u - 23 = 0, -2*t = 4*u + 22. Let g(k) = -k**2. Let w(s) = s**2. Let f(h) = 5*g(h) + 6*w(h). Determine f(t).
1
Let u(x) = -2*x**3 + 28*x**2 - 4*x + 49. Suppose -3*d - 268 + 305 = 2*s, 3*d - 9 = 0. Determine u(s).
-7
Let z(y) = -y**2 - 5*y + 10. Let x be z(-6). Suppose 2*b = t - 4*t - 12, 3*b - x*t = 16. Let d(k) = -k + k + 1 - 4*k**2 + b*k**2. Determine d(1).
-3
Suppose 2*k + s = 1426, 6*k + 1434 = 8*k + 5*s. Let t = k + -698. Let w(n) = n**2 - 14*n - 2. Determine w(t).
-2
Let u(q) = 2*q**2 - 12*q + 16. Let o be u(2). Let p(t) be the second derivative of -35*t - 7/6*t**3 + 0 + o*t**2. Determine p(3).
-21
Suppose 5 = 6*x - 5*x. Suppose -4*m = -3*o + 21, -15 = -x*o + 2*m + 6. Let v = 6 - o. Let z(q) = q**3 - 2*q**2 + 4*q - 3. What is z(v)?
18
Let l(t) be the third derivative of -7*t**4/12 - 2*t**2. Let o(a) = 2*a**3 + 21*a**2 - 13*a - 12. Let b be o(-11). Suppose 0*y + 10 = b*y. Give l(y).
-14
Let b(m) = -10*m**2 - 8*m - 16. Let a(s) = -7*s**2 - 7*s - 11. Let c(y) = -7*a(y) + 5*b(y). Suppose z = 4*f + 9, 2*f = -5*z + f + 45. What is c(z)?
-3
Let f(i) = i**2 - 5*i + 4. Let u be f(5). Let p(z) = 3*z + 5 - 4*z - 5 + 4. Calculate p(u).
0
Let h(x) = 2*x - 6. Let j be h(-3). Let w = 13 + j. Let b(l) = 10*l**2 - 2*l - 19. Let s(r) = 21*r**2 - 4*r - 43. Let f(z) = 9*b(z) - 4*s(z). What is f(w)?
5
Let y(i) = -3*i**2 + 0*i**2 + 10*i**2 - i + 1 - 6*i**2. Suppose -5*m = -18*m. Calculate y(m).
1
Suppose 96 = -4*r - 4*o, 3*r - 2*o = -3*o - 72. Let s = 26 + r. Suppose v - 4*l + 46 = -s*v, -4*v - 20 = 5*l. Let p(f) = -f - 5. Give p(v).
5
Let z(o) = 4 + 2*o + 4 + 2. Let n(w) = -2*w - 11. Let h(y) = -5*n(y) - 6*z(y). Suppose -28*p - 40 = -20*p. Calculate h(p).
5
Let a(v) be the third derivative of v**6/120 - v**5/15 - v**4/8 + v**3/3 + 11623*v**2. Determine a(-3).
-52
Let u(n) be the first derivative of -n**4/12 + n**3 - n**2/2 + 55*n - 66. Let b(x) be the first derivative of u(x). Give b(6).
-1
Let d(k) = k**3 + 3 + 2 + 6*k + 5*k**2 + 4*k**2. Let w be (-6)/204 - (14 + (-3485)/578). Determine d(w).
21
Suppose 32*a = 43*a - 19*a - 32. Let q(h) = 59*h + 228. What is q(a)?
-8
Let v be (1 - -18) + 30 + -26 + (-3 - 2). Let t(b) = -2*b**2 + 38*b - 26. Determine t(v).
10
Let s be 42/(-12)*44/(-7). Let u(l) = l - 23. Determine u(s).
-1
Let s(j) = j**3 + 13*j**2 - 15*j - 15. Let q(k) = -k**3 + 6*k**2 + 3*k + 36. Let a be q(7). Suppose -x - 3 = 0, -4*x + a = 4*p + 76. Give s(p).
-1
Let f(o) = 3*o**3 - 4*o**3 + 73*o**2 - 85*o**2 + o + 4*o**3 - 7*o**3 - 3. Calculate f(-3).
-6
Let q(t) be the second derivative of -t**3/3 - 3*t**2/2 + 12*t. Let l be (1/3)/(1 + (-320)/324). Suppose -5*h - x + l = 0, 15 = 5*h + 3*x + 2*x. What is q(h)?
-15
Let t = 370 + -367. Let z(f) = -t*f**2 + 6*f + 2*f**2 + f**3 - 7*f**2 - 5 + f**2 + f**2. Calculate z(4).
-13
Let z(d) = -8*d**3 + 3*d**2 + 7*d + 3. Let q(u) = 11*u**3 - 4*u**2 - 10*u - 4. Let l(w) = 5*q(w) + 7*z(w). Calculate l(0).
1
Let g(m) be the third derivative of -m**6/120 - m**5/20 + m**4/12 - 2*m**3/3 + 2*m**2 + 1157. Give g(-4).
4
Let a be 12/33*(-33)/(-8). Let s(j) be the second derivative of -a*j**2 - 1/6*j**3 + 0 + 37*j. Calculate s(-4).
1
Let h(d) be the second derivative of 13*d**6/120 - d**3/6 - d**2/2 - 2*d + 44. Let k(i) be the first derivative of h(i). Calculate k(-1).
-14
Let d = -4465 + 4469. Let f(o) be the third derivative of -8*o**2 - o**3 + 0*o + 1/12*o**d + 0. Give f(4).
2
Let p(z) be the second derivative of -13*z**3/6 + 3*z**2 - 1663*z. What is p(3)?
-33
Let j(n) = -n**3 + 4*n**2 - 10*n + 6. Suppose 3*t + 3*w = 0, -79 = -t + 5*w - 49. Give j(t).
-69
Let n(s) = s**3 - 10*s**2 - 2*s + 11. Let z be n(10). Let v be -6*1/2 - z. Let a(l) = 11*l + v - 6*l - 3*l. What is a(-7)?
-8
Let z(p) = -4*p - 4. Let f(n) = -10*n - 299. Let s be f(-30). Let r(q) = 3*q. Let x(u) = s*z(u) + 3*r(u). What i